o) = -3*o**3 + 26*o**2 - 33*o + 79. Let p(y) = 2*y**3 - 13*y**2 + 17*y - 40. Let f(n) = -5*p(n) - 3*t(n). Is f(-15) a prime number?
False
Let y(m) = 6764*m + 453. Is y(19) a prime number?
True
Is 6 + (2 + 4 - -137) composite?
False
Suppose 20*k - 9*k = 88. Suppose -4*w = -k*w + 196. Is w prime?
False
Let c = -110 - -664. Is c prime?
False
Let d be ((-2)/(-5))/(10/(-250)). Let b be (6/(-9))/(d/(-3165)). Is (-3)/((-9)/(-3))*b a prime number?
True
Suppose 11 = -3*u + 2*i - 17, -18 = u - 5*i. Let y(n) = 8*n**3 + 6*n**2 - 5*n - 12. Let p be y(u). Is (15/(-12))/(3/p) a composite number?
True
Let z = -122 - -224. Suppose -10*y + 13*y - 105 = 0. Let n = z - y. Is n a composite number?
False
Let y = 1945 + -1331. Is y a prime number?
False
Suppose -17*j + 148852 + 127177 = 0. Is j composite?
True
Let h(l) be the third derivative of l**4 - 5*l**3/6 - 9*l**2. Let x be 2 - (-1 + (-2 - -1)). Is h(x) a prime number?
False
Suppose 0 = -4*r - x + 731, -45 = r - 2*x - 230. Suppose 0 = v + r + 126. Let p = -182 - v. Is p prime?
True
Suppose 3*m + 214 = 997. Let g = m + 118. Is g composite?
False
Suppose -4*z = 13*z - 680. Suppose -41*h + z*h = -7789. Is h composite?
False
Let t be (-8 + 2)/((-5)/5). Suppose -t = -j - 2*j. Is (-29145)/(-75) + j/5 prime?
True
Is (61897/(-85))/(4/(-20)) prime?
False
Suppose 6*x + 3*x - 13347 = 0. Let f = x + -440. Is f prime?
False
Suppose 2*d - 294 = 5*o, 0 = o - 2 - 2. Let f = 1536 + d. Is f a prime number?
True
Suppose -3*a + 30 = 18, r + 2*a = 7227. Is r composite?
False
Let a(j) = j**3 + 9*j**2 + 16*j - 1. Let b be a(-7). Is ((-9)/(-5))/(b/(-1525)) composite?
True
Let k(u) = 0*u - 4*u + 6 + 2*u + 5 + 10*u**2. Let l be k(5). Suppose 3*g - 263 = -p, g - 5*p - l = -2*g. Is g a composite number?
True
Suppose -2*a + 3*a = -3*y + 41, y + 5 = 0. Is -523*((-40)/a - (-2)/(-7)) a composite number?
False
Let c be (18/(-12) + (-7)/(-2))*9. Suppose -c*o + 245 = -13*o. Is o composite?
True
Let i = 334 - 155. Suppose 2511 = 4*c + i. Let l = c - 324. Is l a prime number?
False
Is (92/(-69))/(12/(-55863)) composite?
True
Is (6/8)/(10/2680) prime?
False
Let i = -5324 - -9151. Is i composite?
True
Let o(f) = -946*f + 27. Is o(-5) composite?
True
Let x(q) = -3*q**3 + q**2 + 3*q + 3. Let t be x(-2). Let d be 10/t - (-26)/10. Suppose -886 + 313 = -d*u. Is u composite?
False
Let b be 4/(-14) + -4 + 4125/7. Is 0 + 1 + (b - (4 - 4)) a composite number?
True
Suppose 12*w - 64375 = 33389. Is w a composite number?
False
Is (-84)/882 + (-529666)/(-42) a composite number?
False
Let n = 18 + -14. Suppose n*x = -25 + 5. Is (-1)/1*(x + -144) a prime number?
True
Suppose -3 = -3*c, 5*x + 13*c = 10*c + 398. Is x a prime number?
True
Let a(b) = -b**2 + 10*b + 15. Let c be a(-29). Let f = c + 2805. Is f a prime number?
False
Suppose -4*x + 12064 = i - 11855, -2*i - 5*x = -47835. Is i composite?
True
Suppose 0 = 2*c - 14140 - 3142. Is c composite?
False
Let x = 117 - 114. Suppose x*z + 681 = b + 5*z, -3431 = -5*b + 3*z. Is b a prime number?
False
Let j = 2794 - 4354. Let n = -821 - j. Is n composite?
False
Suppose -3*k = -6 - 0. Suppose 2*w = -w + 3*h + 546, -5*h = -k*w + 361. Is w prime?
False
Let r(w) = -120*w + 5. Let u(k) = 1. Let n(h) = -r(h) + 4*u(h). Let a(l) = 3*l + 41. Let p be a(-13). Is n(p) a composite number?
False
Suppose -26080 = -l - 3*l - 4*v, -6526 = -l + v. Is l a prime number?
False
Suppose -t - 2*t = -4*r - 331, 0 = -r - 4. Let y = 354 - t. Suppose -y = -19*h + 16*h. Is h composite?
False
Let c = 6643 + -540. Is c a composite number?
True
Let g(x) = -x**2 - 4*x - 60. Let q be g(0). Suppose 5*c - 4*v + 1427 = 0, -3*v + 4*v - 1135 = 4*c. Let t = q - c. Is t a prime number?
True
Let l(r) = -r**3 + 13*r**2 + 15*r - 10. Let w be (-10)/(-1)*(-2)/(-4). Suppose 2*q - q - w = 0, 64 = 4*b + 4*q. Is l(b) a prime number?
True
Suppose 0 = -x - 2*x - 4*f + 1, 0 = -5*x + 4*f + 55. Is -3 - (-18)/7 - (-4364)/x a composite number?
True
Let g(p) = -5*p**3 - 2*p**2 - 4. Let c be g(-2). Let z = c + 151. Is z composite?
False
Suppose 4*c = -3*v + 2*c + 1570, -4*v + 4*c = -2060. Let w = 1623 - v. Is w prime?
True
Suppose -4 = -5*l + 6. Let u = l + 0. Suppose 2*g = u*w - 5*w + 1177, 2*g = -8. Is w a prime number?
False
Let a = 0 - -1. Suppose 317 = 5*u - 2*v - 490, -a = v. Is u a composite number?
True
Let x = -472 + 727. Suppose -5*f - x + 5540 = 0. Is f composite?
True
Suppose w = 7 - 11. Is w/(-1) + 0 + 135 composite?
False
Suppose 14*h - 4*a - 8420 = 9*h, 3*h + 2*a = 5052. Let g = 247 + h. Is g a composite number?
False
Is 8595/(-30)*52/(-6) a composite number?
True
Let x(d) = 8*d**2 + 4*d - 1. Let w be x(5). Suppose -2*q - w = 399. Let l = q + 520. Is l prime?
True
Suppose 24*s = 9*s + 44895. Is s prime?
False
Let b(a) = 353*a - 8. Let q be b(12). Suppose -3*m + 455 = -q. Is m composite?
True
Let h be -8*9/(-24)*1. Let y = 1488 + -193. Suppose -5*b - 2*v + y = 2*v, h*b - 3*v = 804. Is b prime?
True
Suppose -4*g + 4*c - 178 = 2*c, 0 = 5*g - 4*c + 221. Let l = g - -389. Suppose l + 37 = 3*t. Is t a prime number?
True
Let g be (-1 - (-10)/6)*-3 - -1129. Let k = 2041 - g. Is k composite?
True
Suppose -7911 = 8*c - 17*c. Is c prime?
False
Let i be (2 - 4)/(-1 - (-1)/2). Suppose 0 = 3*m - i*m + 83. Is m composite?
False
Let r(n) = -208*n - 19. Let q be r(6). Let k = -498 - q. Is k composite?
False
Let z(l) = -6*l + 2*l + 4*l**3 + 7*l**2 + 3*l - 3*l**3 - 1. Let k be z(-7). Is 867/9 - (-4)/k a prime number?
True
Let t be 2*(0 + -157)/(-1). Let x = t + 55. Let n = 184 + x. Is n a composite number?
True
Let d = 39056 - 10155. Is d a composite number?
False
Let x = 58093 - 31050. Is x composite?
False
Let q = 2171 + -1084. Is q a composite number?
False
Suppose -4*c = -8, 5*p - 9*p = c - 88566. Is p composite?
True
Suppose -3*z + 207 = 3*f, 4*f - 193 = -z + 98. Is f a composite number?
True
Suppose 2*s = p + 6314, 9 = 4*p + 1. Is s prime?
False
Suppose -2998 = -10*h + 4012. Is h prime?
True
Suppose 0 = -4*n - 16 - 4. Let r = n + 2. Is (-412)/6*r/2 composite?
False
Let k = 91 + -1. Let m = k - 133. Let a = m - -80. Is a a prime number?
True
Suppose 3*t + 3*k = 9, 3*k = -4*t + 13 - 4. Suppose j + u - 597 = t, u = 4*j - 0*u - 2368. Is j a prime number?
True
Let y = -202 + 132. Let a = -46 - y. Is (-10)/5 - -4*a prime?
False
Let z(h) = 80*h + 73. Is z(14) composite?
False
Suppose -y - 35 = 3*x, -x - 6*y + 2*y + 3 = 0. Let v(h) = -804*h - 25. Is v(x) composite?
False
Let p(h) be the second derivative of h**5/20 + 5*h**4/6 + 4*h**3/3 - 9*h**2/2 - 5*h. Let r be p(-9). Suppose r = 4*v - 148 - 120. Is v a composite number?
False
Let z = 24 - 19. Suppose b - p - 306 = 0, -z*b + p + 1536 = 2*p. Is b a prime number?
True
Let z = 18186 + -12067. Is z a composite number?
True
Let g(m) = 199*m**3 + 6*m - 5. Let v(l) = -200*l**3 + l**2 - 5*l + 4. Let n(p) = -2*g(p) - 3*v(p). Let s be n(2). Suppose -6*u + s = 2*u. Is u a prime number?
False
Is (-9 + 8)*(4 - 3 - 7236) prime?
False
Suppose 14*r = 12*r + 14. Suppose 0 = 2*a - 4*f - 378, -3*a - 3*f = -r*a + 746. Is a composite?
True
Let y(u) = 70*u**2 + u + 2. Let o be -1 - (0 + 4 + -8). Is y(o) a composite number?
True
Suppose 0 = -3*m + 2*g + 65569 + 242554, -2*m + 2*g + 205416 = 0. Is m prime?
False
Let a = 2 + 0. Suppose 5*o = 4*z - 152, -3*o + z = -a*z + 93. Is (o/(-8))/((-1)/(-122)) a composite number?
True
Suppose 3*y + 1 = 2*g - 0, -7 = -5*g + 3*y. Let r be 13 + 1/g*-2. Let z = -9 + r. Is z prime?
True
Suppose -3*b + 15 = 0, 3*z + 0*b = 2*b + 32. Suppose -5*a = x + 5, 4*a - z - 6 = 4*x. Suppose -2*t - 3*j + 101 = a, 2*j = -4*t + 4*j + 178. Is t a prime number?
False
Let g be 0 + (-20)/(-11) + 2/11. Let t(x) = -2 + 3 + 24*x - 6*x. Is t(g) composite?
False
Let s = -21 - -18. Let v be -5 + 2 + s + 3. Is (-206)/(-6) + 1/v a composite number?
True
Suppose 11 = -5*k - 4. Let r be k*1/(-3)*-10. Let d(y) = -y**3 - 10*y**2 - 5*y - 11. Is d(r) a prime number?
False
Let z be (-43)/(-9) - 8/(-36). Suppose -z*u + 3*l = -u - 33, -u - l = -17. Is 4099/6 + u/(-72) a prime number?
True
Let j(v) = -4*v**2 - 44*v + 23. Let a(c) = c**2. Let r(x) = 3*a(x) + j(x). Is r(-26) a prime number?
True
Let v be (-92)/(-22) + 2/(-11). Suppose v*k - 458 = 538. Is k a composite number?
True
Suppose 0 = -0*p - 3*p - 12. Let k = p + 75. Is k a composite number?
Fa